3901?
13, 107, 227, 593
What are the prime factors of 34190281?
17, 2011193
List the prime factors of 25015957.
25015957
List the prime factors of 1393312948.
2, 727, 479131
What are the prime factors of 1004268387?
3, 17, 3391, 5807
What are the prime factors of 1864646817?
3, 11, 1753, 32233
List the prime factors of 236633794.
2, 29, 4079893
What are the prime factors of 2298402358?
2, 7, 103, 1593899
List the prime factors of 935596735.
5, 187119347
List the prime factors of 34271878.
2, 17135939
What are the prime factors of 591304591?
17, 373, 93251
List the prime factors of 732673016.
2, 113, 251, 3229
List the prime factors of 164083492.
2, 127, 322999
List the prime factors of 5570641.
317, 17573
What are the prime factors of 30799948?
2, 349, 22063
List the prime factors of 34219441.
271, 126271
What are the prime factors of 341318851?
61, 197, 28403
List the prime factors of 30266801.
30266801
What are the prime factors of 4994156278?
2, 2497078139
What are the prime factors of 128544329?
19, 43, 3659
What are the prime factors of 43346199?
3, 13, 347, 3203
List the prime factors of 1162937436.
2, 3, 59, 1642567
List the prime factors of 7152522913.
293, 24411341
What are the prime factors of 12211696?
2, 7, 107, 1019
What are the prime factors of 79662423?
3, 26554141
List the prime factors of 1526049839.
23, 7013, 9461
What are the prime factors of 116760633?
3, 11, 3538201
What are the prime factors of 72179875?
5, 17, 33967
What are the prime factors of 2822105245?
5, 19, 457, 65003
What are the prime factors of 1035577494?
2, 3, 7, 53, 51691
List the prime factors of 191756440.
2, 5, 1447, 3313
What are the prime factors of 1283182061?
7, 26187389
List the prime factors of 46726405.
5, 11, 849571
What are the prime factors of 752014526?
2, 521, 721703
List the prime factors of 22894247.
22894247
What are the prime factors of 267532962?
2, 3, 44588827
What are the prime factors of 3025180103?
11, 2333, 117881
What are the prime factors of 497857135?
5, 47, 2118541
What are the prime factors of 80578429?
8887, 9067
List the prime factors of 206817995.
5, 29, 1426331
What are the prime factors of 4687944542?
2, 2343972271
What are the prime factors of 2089249187?
17, 127, 967693
What are the prime factors of 905918254?
2, 137, 3306271
List the prime factors of 43075997.
439, 98123
List the prime factors of 9024271.
9024271
List the prime factors of 2151682388.
2, 179, 181, 16603
What are the prime factors of 248853069?
3, 27650341
What are the prime factors of 12064359?
3, 983, 4091
What are the prime factors of 109198683?
3, 11, 1103017
What are the prime factors of 40850802?
2, 3, 47, 109, 443
List the prime factors of 62271027.
3, 7, 13, 139, 547
List the prime factors of 33231495.
3, 5, 11, 201403
What are the prime factors of 5351109829?
13, 411623833
List the prime factors of 406233170.
2, 5, 7, 233, 24907
What are the prime factors of 700284894?
2, 3, 1187, 98327
List the prime factors of 906925499.
19, 251, 10009
What are the prime factors of 6597941620?
2, 5, 251, 823, 1597
What are the prime factors of 530850251?
97, 5472683
List the prime factors of 367662752.
2, 449, 25589
What are the prime factors of 53528208?
2, 3, 157, 7103
List the prime factors of 8612554.
2, 4306277
List the prime factors of 5003670671.
5003670671
What are the prime factors of 3407088009?
3, 13, 389, 224579
What are the prime factors of 50473124?
2, 13, 139, 6983
List the prime factors of 2354186706.
2, 3, 1217, 322403
What are the prime factors of 4463814677?
7, 23, 1205459
What are the prime factors of 48994896?
2, 3, 53, 19259
List the prime factors of 951791701.
7, 1861, 73063
What are the prime factors of 150647942?
2, 37, 53, 71, 541
List the prime factors of 955967562.
2, 3, 11, 17, 41, 2309
List the prime factors of 420097198.
2, 139, 557, 2713
List the prime factors of 4512896369.
4512896369
What are the prime factors of 44979978?
2, 3, 43, 313, 557
What are the prime factors of 573727911?
3, 937, 204101
List the prime factors of 3096709442.
2, 1548354721
List the prime factors of 1681970649.
3, 19, 509, 57973
What are the prime factors of 270753887?
47, 829, 6949
What are the prime factors of 61647124?
2, 7, 11, 200153
List the prime factors of 213835718.
2, 106917859
List the prime factors of 6601049946.
2, 3, 179, 1229, 1667
List the prime factors of 56522813.
443, 127591
List the prime factors of 3085620751.
17, 2791, 65033
What are the prime factors of 212234404?
2, 197, 269333
List the prime factors of 565606937.
7, 53, 1524547
List the prime factors of 479448961.
23, 307, 67901
List the prime factors of 3116478452.
2, 233, 3343861
List the prime factors of 1884981960.
2, 3, 5, 5236061
What are the prime factors of 475811941?
11, 43255631
List the prime factors of 21812938.
2, 7, 17, 13093
What are the prime factors of 123055852?
2, 43, 715441
List the prime factors of 297949325.
5, 11917973
What are the prime factors of 175787406?
2, 3, 9765967
What are the prime factors of 466494201?
3, 17277563
List the prime factors of 2448714976.
2, 1123, 68141
What are the prime factors of 51515818?
2, 25757909
What are the prime factors of 4008520561?
607, 1091, 6053
What are the prime factors of 139789818?
2, 3, 7, 43, 25801
What are the prime factors of 3474606816?
2, 3, 12064607
List the prime factors of 288730014.
2, 3, 48121669
What are the prime factors of 1188701078?
2, 421, 1411759
List the prime factors of 54076803.
3, 11, 31, 52861
List the prime factors of 26164562.
2, 487, 26863
What are the prime factors of 97271402?
2, 48635701
List the prime factors of 1864199100.
2, 3, 5, 6213997
What are the prime factors of 4019656489?
59, 313, 217667
What are the prime factors of 1259571971?
7, 79, 569, 4003
List the prime factors of 460633786.
2, 631, 365003
What are the prime factors of 151200009?
3, 73, 230137
What are the prime factors of 85911216?
2, 3, 1249, 1433
List the prime factors of 176224801.
31, 5684671
List the prime factors of 979627355.
5, 7, 37, 53, 2039
What are the prime factors of 342982846?
2, 171491423
What are the prime factors of 1695980287?
18041, 94007
List the prime factors of 1743105445.
5, 348621089
What are the prime factors of 89882278?
2, 44941139
What are the prime factors of 727343415?
3, 5, 5387729
List the prime factors of 131119086.
2, 3, 7, 307, 10169
What are the prime factors of 524692602?
2, 3, 7, 677, 6151
List the prime factors of 29712849.
3, 23, 29, 31, 479
List the prime factors of 2239852.
2, 17, 32939
What are the prime factors of 498252087?
3, 61, 353, 857
List the prime factors of 170324248.
2, 21290531
List the prime factors of 172505046.
2, 3, 7, 4107263
What are the prime factors of 141525599?
43, 3291293
List the prime factors of 1648424.
2, 37, 5569
What are the prime factors of 42011232?
2, 3, 47, 9311
What are the prime factors of 1038710311?
107, 181, 53633
What are the prime factors of 3733923234?
2, 3, 622320539
What are the prime factors of 31485998?
2, 3923, 4013
List the prime factors of 65536306.
2, 11, 2978923
What are the prime factors of 57292634?
2, 7, 293, 13967
List the prime factors of 515609065.
5, 17, 6065989
List the prime factors of 94915994.
2, 6871, 6907
What are the prime factors of 78378356?
2, 7, 107, 26161
List the prime factors of 175449366.
2, 3, 9747187
What are the prime factors of 207974479?
207974479
List the prime factors of 460775900.
2, 5, 13, 354443
What are the prime factors of 1342318723?
1342318723
List the prime factors of 214027473.
3, 11, 6485681
What are the prime factors of 2347005167?
13, 449, 402091
What are the prime factors of 12340748?
2, 7, 79, 797
What are the prime factors of 1767463019?
7, 252494717
What are the prime factors of 33867855?
3, 5, 7, 35839
What are the prime factors of 3246589541?
13, 23, 191, 4373
List the prime factors of 2702690737.
83, 131, 248569
List the prime factors of 40986686.
2, 13, 19, 29, 2861
What are the prime factors of 4315593046?
2, 2157796523
List the prime factors of 20032473.
3, 6677491
What are the prime factors of 1506936602?
2, 753468301
What are the prime factors of 167064269?
1063, 157163
What are the prime factors of 48087516?
2, 3, 269, 14897
What are the prime factors of 188028007?
17